is the millions digit of 3076208695?
6
What is the thousands digit of 31602500?
2
What is the hundreds digit of 186088469?
4
What is the ten millions digit of 2531499156?
3
What is the ten thousands digit of 3918040?
1
What is the thousands digit of 457385681?
5
What is the hundred millions digit of 111987553?
1
What is the ten millions digit of 37859248?
3
What is the units digit of 3274115?
5
What is the ten thousands digit of 1597016223?
1
What is the hundred thousands digit of 148176229?
1
What is the units digit of 70943674?
4
What is the ten thousands digit of 66044621?
4
What is the hundred millions digit of 779366490?
7
What is the thousands digit of 110565665?
5
What is the millions digit of 43943203?
3
What is the hundred thousands digit of 2737799687?
7
What is the ten millions digit of 48227364?
4
What is the thousands digit of 188542721?
2
What is the ten thousands digit of 38548150?
4
What is the millions digit of 232048123?
2
What is the units digit of 389842041?
1
What is the units digit of 3663876783?
3
What is the millions digit of 646128439?
6
What is the hundred thousands digit of 69125443?
1
What is the hundreds digit of 27736963?
9
What is the hundreds digit of 473386672?
6
What is the thousands digit of 392021905?
1
What is the thousands digit of 60096661?
6
What is the units digit of 847395357?
7
What is the ten millions digit of 2975842363?
7
What is the tens digit of 754818?
1
What is the thousands digit of 904585505?
5
What is the millions digit of 147188228?
7
What is the units digit of 47847495?
5
What is the hundreds digit of 936453513?
5
What is the ten millions digit of 2661026461?
6
What is the ten millions digit of 51835311?
5
What is the units digit of 4650383216?
6
What is the hundred millions digit of 118345308?
1
What is the hundred thousands digit of 35158267?
1
What is the ten thousands digit of 65590094?
9
What is the millions digit of 277137981?
7
What is the units digit of 3336023649?
9
What is the billions digit of 1731223910?
1
What is the hundred thousands digit of 850223595?
2
What is the thousands digit of 59435291?
5
What is the ten thousands digit of 1160685487?
8
What is the tens digit of 7778006?
0
What is the hundreds digit of 1153592774?
7
What is the tens digit of 138292661?
6
What is the hundred thousands digit of 275758646?
7
What is the ten thousands digit of 36601064?
0
What is the ten thousands digit of 9755657?
5
What is the tens digit of 625869794?
9
What is the millions digit of 128295445?
8
What is the hundreds digit of 159504704?
7
What is the millions digit of 65047163?
5
What is the millions digit of 594067874?
4
What is the ten millions digit of 74897542?
7
What is the ten thousands digit of 42465741?
6
What is the thousands digit of 395649890?
9
What is the ten millions digit of 430237195?
3
What is the units digit of 5248462621?
1
What is the hundreds digit of 39962538?
5
What is the hundred thousands digit of 23949498?
9
What is the ten thousands digit of 17520314?
2
What is the billions digit of 1387486186?
1
What is the ten thousands digit of 1121730462?
3
What is the thousands digit of 2656381162?
1
What is the units digit of 2996873797?
7
What is the hundred thousands digit of 35710789?
7
What is the ten thousands digit of 416435950?
3
What is the ten thousands digit of 2327203577?
0
What is the tens digit of 310360900?
0
What is the ten millions digit of 4944887386?
4
What is the tens digit of 91422668?
6
What is the thousands digit of 5829519560?
9
What is the ten millions digit of 760292984?
6
What is the hundreds digit of 96776656?
6
What is the units digit of 537839830?
0
What is the ten millions digit of 3933390582?
3
What is the hundreds digit of 1179313486?
4
What is the thousands digit of 7088815?
8
What is the ten millions digit of 68376072?
6
What is the hundred thousands digit of 1268158980?
1
What is the millions digit of 785625853?
5
What is the millions digit of 5029866212?
9
What is the ten thousands digit of 8341393763?
9
What is the units digit of 135685159?
9
What is the billions digit of 1232373269?
1
What is the millions digit of 2742964707?
2
What is the tens digit of 571043846?
4
What is the ten thousands digit of 334975559?
7
What is the thousands digit of 6945877077?
7
What is the hundreds digit of 65453749?
7
What is the hundred thousands digit of 1231813876?
8
What is the tens digit of 2520813?
1
What is the ten thousands digit of 82606152?
0
What is the tens digit of 3459766100?
0
What is the units digit of 437338547?
7
What is the hundred thousands digit of 8542755729?
7
What is the thousands digit of 516033459?
3
What is the tens digit of 2871021290?
9
What is the hundred millions digit of 2723413282?
7
What is the hundred thousands digit of 78721259?
7
What is the hundred millions digit of 128174828?
1
What is the tens digit of 440668800?
0
What is the hundred millions digit of 5757394217?
7
What is the units digit of 604349765?
5
What is the millions digit of 51103550?
1
What is the ten thousands digit of 40534326?
3
What is the hundreds digit of 8440416247?
2
What is the millions digit of 90112907?
0
What is the hundred thousands digit of 18681170?
6
What is the units digit of 6099889587?
7
What is the tens digit of 1447913168?
6
What is the units digit of 1021109486?
6
What is the tens digit of 14976503?
0
What is the ten thousands digit of 78535314?
3
What is the hundred millions digit of 282739571?
2
What is the ten thousands digit of 348434061?
3
What is the millions digit of 48646464?
8
What is the units digit of 172649259?
9
What is the ten thousands digit of 959657123?
5
What is the hundred millions digit of 338717699?
3
What is the hundred thousands digit of 269513445?
5
What is the tens digit of 28329311?
1
What is the thousands digit of 89536986?
6
What is the units digit of 2012427810?
0
What is the tens digit of 1941306595?
9
What is the units digit of 54012680?
0
What is the ten millions digit of 492946959?
9
What is the billions digit of 4571902368?
4
What is the hundreds digit of 27746075?
0
What is the hundreds digit of 313205480?
4
What is the ten thousands digit of 52854719?
5
What is the ten thousands digit of 62166052?
6
What is the thousands digit of 73527399?
7
What is the thousands digit of 94645767?
5
What is the tens digit of 232000232?
3
What is the millions digit of 403828312?
3
What is the ten millions digit of 151705578?
5
What is the ten millions digit of 367340222?
6
What is the ten millions digit of 159754148?
5
What is the millions digit of 46419979?
6
What is the ten millions digit of 3637348227?
3
What is the hundreds digit of 397629287?
2
What is the thousands digit of 119318970?
8
What is the ten millions digit of 4852402618?
5
What is the hundred millions digit of 2138458940?
1
What is the millions digit of 45798213?
5
What is the ten thousands digit of 600364916?
6
What is the tens digit of 6056380622?
2
What is the ten thousands digit of 803501284?
0
What is the hundred thousands digit of 65925643?
9
What is the hundred millions digit of 321432718?
3
What is the hundred thousands digit of 2598013001?
0
What is the tens digit of 69301833?
3
What is the thousands digit of 17089053?
9
What is the millions digit of 854273863?
4
What is the hundred millions digit of 180857947?
1
What is the thousands digit of 50421785?
1
What is the thousands digit of 51621090?
1
What is the billions digit of 3901576616?
3
What is the millions digit of 8984451?
8
What is the hundreds digit of 69664572?
5
What is the hundred thousands digit of 27945391?
9
What is the tens digit of 1876744663?
6
What is the millions digit of 39105834?
9
What is the hundred thousands digit of 51542092?
5
What is the units digit of 16063487?
7
What is the hundreds digit of 4555687580?
5
What is the hundreds digit of 16528005?
0
What is the hundreds digit of 460576382?
3
What is the ten thousands digit of 330035940?
3
What is the hundreds digit of 896949592?
5
What is the hundred thousands digit of 5766071705?
0
What is the ten thousands digit of 864692705?
9
What is the ten thousands digit of 529952216?
5
What is the tens digit of 55330406?
0
What is the units digit of 8476439709?
9
What is the thousands digit of 22734654?
4
What is th